{"id":139,"date":"2019-04-30T13:09:10","date_gmt":"2019-04-30T13:09:10","guid":{"rendered":"http:\/\/iccdss.idu.edu.tr\/?page_id=139"},"modified":"2023-09-17T13:34:56","modified_gmt":"2023-09-17T13:34:56","slug":"duzenleme-kurulu","status":"publish","type":"page","link":"https:\/\/iccdss.idu.edu.tr\/?page_id=139","title":{"rendered":"D\u00fczenleme Kurulu"},"content":{"rendered":"<p><strong>Kongre Ba\u015fkan\u0131 \/ Congress President<\/strong><\/p>\n<ul>\n<li>Dr. Bedriye TUN\u00c7S\u0130PER \u2013 \u0130zmir Demokrasi \u00dcniversitesi Rekt\u00f6r\u00fc<\/li>\n<\/ul>\n<p><strong>Kongre D\u00fczenleme Kurulu \/ Congress Organizing Committee<\/strong><\/p>\n<ul>\n<li>Prof. Dr. H\u00fcseyin AKAY \u2013 \u0130zmir Demokrasi \u00dcniversitesi<\/li>\n<li>Do\u00e7. Dr. Arif BA\u011eBA\u015eLIO\u011eLU \u2013 \u0130zmir Demokrasi \u00dcniversitesi<\/li>\n<li>Do\u00e7. Dr. Kadir DEM\u0130R \u2013 \u0130zmir Demokrasi \u00dcniversitesi<\/li>\n<li>Do\u00e7. Dr. \u00dcmit G\u00dcVEY\u0130 \u2013 \u0130zmir Demokrasi \u00dcniversitesi<\/li>\n<li>Do\u00e7. Dr. Eyl\u00fcl KABAK\u00c7I G\u00dcNAY \u2013 \u0130zmir Demokrasi \u00dcniversitesi<\/li>\n<li>Do\u00e7. Dr. Burak HERG\u00dcNER \u2013 \u0130zmir Demokrasi \u00dcniversitesi<\/li>\n<li>Do\u00e7. Dr. Serdar YAY \u2013 \u0130zmir Demokrasi \u00dcniversitesi<\/li>\n<li>Dr. \u00d6\u011fr. \u00dcyesi Ahmet G\u00d6RGEN \u2013 \u0130zmir Demokrasi \u00dcniversitesi<\/li>\n<li>Dr. \u00d6\u011fr. \u00dcyesi I\u015f\u0131l KELLEVEZ\u0130R \u2013 \u0130zmir Demokrasi \u00dcniversitesi<\/li>\n<li>Ar\u015f. G\u00f6r. Dr. \u0130smail Hakk\u0131 \u00dcNAL \u2013 \u0130zmir Demokrasi \u00dcniversitesi<\/li>\n<li>Ar\u015f. G\u00f6r. O\u011fuzcan AKDEM\u0130R \u2013 \u0130zmir Demokrasi \u00dcniversitesi<\/li>\n<li>Ar\u015f. G\u00f6r. Kadir AKG\u00dcND\u00dcZ \u2013 \u0130zmir Demokrasi \u00dcniversitesi<\/li>\n<li>Ar\u015f. G\u00f6r. Gamze Asena AKG\u00d6L \u2013 \u0130zmir Demokrasi \u00dcniversitesi<\/li>\n<li>Ar\u015f. G\u00f6r. Menek\u015fe \u00c7\u0130\u00c7EK \u2013 \u0130zmir Demokrasi \u00dcniversitesi<\/li>\n<li>Ar\u015f. G\u00f6r. Fatma DAHIN \u2013 \u0130zmir Demokrasi \u00dcniversitesi<\/li>\n<li>Ar\u015f. G\u00f6r. H\u00fcseyin G\u00dcNS\u00dcZ \u2013 \u0130zmir Demokrasi \u00dcniversitesi<\/li>\n<li>Ar\u015f. G\u00f6r. \u00c7a\u011fla ODUNCULAR \u2013 \u0130zmir Demokrasi \u00dcniversitesi<\/li>\n<li>Ar\u015f. G\u00f6r. Cansel USLU \u2013 \u0130zmir Demokrasi \u00dcniversitesi<\/li>\n<\/ul>\n<p><strong>Kongre Bilim Kurulu \/ Congress Scientific Committee<\/strong><\/p>\n<ul>\n<li>Prof. Dr. B\u00fclent A\u00c7MA<\/li>\n<li>Prof. Dr. Mehmet Emin AKKILI\u00c7<\/li>\n<li>Prof. Dr. Emilia ALAVERDOV<\/li>\n<li>Prof. Dr. Erdin\u00e7 ALTAY<\/li>\n<li>Prof. Dr. Ba\u015fak ATAMAN<\/li>\n<li>Prof. Dr. Ahmet AY<\/li>\n<li>Prof. Dr. Osman AYDO\u011eU\u015e<\/li>\n<li>Prof. Dr. P\u0131nar AYTEK\u0130N<\/li>\n<li>Prof. Dr. Mehmet BA\u015eAR<\/li>\n<li>Prof. Dr. Ercan BAYAZITLI<\/li>\n<li>Prof. Dr. Ruziye COP<\/li>\n<li>Prof. Dr. Tarkan \u00c7AVU\u015eO\u011eLU<\/li>\n<li>Prof. Dr. \u00d6zhan \u00c7ET\u0130NKAYA<\/li>\n<li>Prof. Dr. Sabahattin DEN\u0130Z<\/li>\n<li>Em. Prof. Dr. Zeynel D\u0130NLER<\/li>\n<li>Prof. Dr. \u00d6mer Sel\u00e7uk EMSEN<\/li>\n<li>Em. Prof. Dr. Cemil ERTU\u011eRUL<\/li>\n<li>Prof. Dr. Cevat GERN\u0130<\/li>\n<li>Prof. Dr. Nuray G\u00dcM\u00dc\u015eTEK\u0130N<\/li>\n<li>Prof. Dr. Ali Kemal G\u00dcRB\u00dcZ<\/li>\n<li>Prof. Dr. Mehmet O\u011fuzhan \u0130LBAN<\/li>\n<li>Prof. Dr. Dilek \u0130NAN<\/li>\n<li>Prof. Dr. Meltem \u0130NCE YEN\u0130LMEZ<\/li>\n<li>Prof. Dr. Ahmet \u0130NCEKARA<\/li>\n<li>Prof. Dr. Zeynep KARA\u00c7OR<\/li>\n<li>Prof. Dr. O\u011fuz KARADEN\u0130Z<\/li>\n<li>Prof. Dr. Adnan Metin KARKIN<\/li>\n<li>Prof. Dr. Cevdet Alptekin KAYALI<\/li>\n<li>Prof. Dr. Hasan KAZDA\u011eLI<\/li>\n<li>Prof. Dr. Muhammed KERROU<\/li>\n<li>Prof. Dr. J\u00fclide KESKEN<\/li>\n<li>Prof. Dr. Fadia KIWAN<\/li>\n<li>Prof. Dr. Recep K\u00d6K<\/li>\n<li>Prof. Dr. C.Co\u015fkun K\u00dc\u00c7\u00dcK\u00d6ZMEN<\/li>\n<li>Prof. Dr. Sedat MURAT<\/li>\n<li>Prof. Dr. Sinan NARDALI<\/li>\n<li>Prof. Dr. Ya\u015far ONAY<\/li>\n<li>Prof. Dr. Semra \u00d6NC\u00dc<\/li>\n<li>Prof. Dr. P\u0131nar S\u00fcral \u00d6ZER<\/li>\n<li>Prof. Dr. Cihan \u00d6ZG\u00dcR<\/li>\n<li>Prof. Dr. I\u015f\u0131l \u00d6ZKAN<\/li>\n<li>Prof. Dr. Abitter \u00d6ZULUCAN<\/li>\n<li>Prof. Dr. Serap PALAZ<\/li>\n<li>Prof. Dr. Metin SABAN<\/li>\n<li>Prof. Dr. Enric Olive SERRET<\/li>\n<li>Prof. Dr. Haldun SOYDAL<\/li>\n<li>Prof. Dr. Fatma TEKT\u00dcFEK\u00c7\u0130<\/li>\n<li>Prof. Dr. Joan Maria THOMAS<\/li>\n<li>Prof. Dr. Ercan UYGUR<\/li>\n<li>Prof. Dr. Do\u011fan UYSAL<\/li>\n<li>Prof. Dr. Ya\u015far UYSAL<\/li>\n<li>Prof. Dr. Mustafa Erkan \u00dcY\u00dcMEZ<\/li>\n<li>Prof. Dr. H\u00fclya Y\u00dcKSEL KURUPPATH MANI<\/li>\n<li>Prof. Dr. As\u0131f YOLDA\u015e<\/li>\n<li>Do\u00e7. Dr. Ecehan ARAS<\/li>\n<li>Do\u00e7. Dr. Muammer BEZ\u0130RGAN<\/li>\n<li>Do\u00e7. Dr. \u00d6zkan B\u0130LG\u0130L\u0130<\/li>\n<li>Do\u00e7. Dr. Serkan \u00c7ANKAYA<\/li>\n<li>Do\u00e7. Dr. Sabriye \u00c7EL\u0130K U\u011eUZ<\/li>\n<li>Do\u00e7. Dr. Didem DO\u011eANYILMAZ DUMAN<\/li>\n<li>Do\u00e7. Dr. G\u00f6khan DUMAN<\/li>\n<li>Do\u00e7. Dr. Musa G\u00d6K<\/li>\n<li>Do\u00e7. Dr. Hakan HOTUNLUO\u011eLU<\/li>\n<li>Do\u00e7. Dr. Erim KONAK\u00c7I<\/li>\n<li>Do\u00e7. Dr. R\u00fckan Kutlu KORLU<\/li>\n<li>Do\u00e7. Dr. Abdurrahman KORMAZ<\/li>\n<li>Do\u00e7. Dr. Ece KUZULU<\/li>\n<li>Do\u00e7. Dr. Volkan \u00d6ZBEK<\/li>\n<li>Do\u00e7. Dr. Ali SOLUNO\u011eLU<\/li>\n<li>Do\u00e7. Dr. Dilek S\u00dcREK\u00c7\u0130 YAMA\u00c7LI<\/li>\n<li>Do\u00e7. Dr. Dilara S\u00dcL\u00dcN<\/li>\n<li>Do\u00e7. Dr. Ferhat TOPBA\u015e<\/li>\n<li>Do\u00e7. Dr. Ece \u00dcN\u00dcR<\/li>\n<li>Do\u00e7. Dr. Ferhan SAYIN<\/li>\n<li>Do\u00e7. Dr. Mustafa YASAN<\/li>\n<li>Dr. \u00d6\u011fr. \u00dcyesi Ebru AY CHELL\u0130<\/li>\n<li>Dr. \u00d6\u011fr. \u00dcyesi S\u0131la Tura\u00e7 BAYKARA<\/li>\n<li>Dr. \u00d6\u011fr. \u00dcyesi Ekin ERDEM<\/li>\n<li>Dr. \u00d6\u011fr. \u00dcyesi Deniz ERGENE<\/li>\n<li>Dr. \u00d6\u011fr. \u00dcyesi Ay\u00e7a \u0130ZM\u0130RL\u0130O\u011eLU<\/li>\n<li>Dr. \u00d6\u011fr. \u00dcyesi Ahu KARAKURT EREN<\/li>\n<li>Dr. \u00d6\u011fr. \u00dcyesi Beng\u00fcl KAVLAK<\/li>\n<li>Dr. \u00d6\u011fr. \u00dcyesi Murat \u015eAH\u0130N<\/li>\n<li>Dr. \u00d6\u011fr. \u00dcyesi Ecem K\u0130RK\u0130T<\/li>\n<li>Dr. \u00d6\u011fr. \u00dcyesi Fatma \u0130rem KONYALIO\u011eLU<\/li>\n<li>Dr. \u00d6\u011fr. \u00dcyesi Can SAYGINER<\/li>\n<li>Dr. \u00d6\u011fr. \u00dcyesi Seda G\u00f6zde TOKATLI<\/li>\n<\/ul>\n<p><\/p>","protected":false},"excerpt":{"rendered":"<p>Kongre Ba\u015fkan\u0131 \/ Congress President Dr. Bedriye TUN\u00c7S\u0130PER \u2013 \u0130zmir Demokrasi \u00dcniversitesi Rekt\u00f6r\u00fc Kongre D\u00fczenleme Kurulu \/ Congress Organizing Committee<\/p>\n","protected":false},"author":2,"featured_media":0,"parent":0,"menu_order":0,"comment_status":"closed","ping_status":"closed","template":"","meta":{"footnotes":""},"class_list":["post-139","page","type-page","status-publish","hentry","comments-off"],"_links":{"self":[{"href":"https:\/\/iccdss.idu.edu.tr\/index.php?rest_route=\/wp\/v2\/pages\/139","targetHints":{"allow":["GET"]}}],"collection":[{"href":"https:\/\/iccdss.idu.edu.tr\/index.php?rest_route=\/wp\/v2\/pages"}],"about":[{"href":"https:\/\/iccdss.idu.edu.tr\/index.php?rest_route=\/wp\/v2\/types\/page"}],"author":[{"embeddable":true,"href":"https:\/\/iccdss.idu.edu.tr\/index.php?rest_route=\/wp\/v2\/users\/2"}],"replies":[{"embeddable":true,"href":"https:\/\/iccdss.idu.edu.tr\/index.php?rest_route=%2Fwp%2Fv2%2Fcomments&post=139"}],"version-history":[{"count":30,"href":"https:\/\/iccdss.idu.edu.tr\/index.php?rest_route=\/wp\/v2\/pages\/139\/revisions"}],"predecessor-version":[{"id":829,"href":"https:\/\/iccdss.idu.edu.tr\/index.php?rest_route=\/wp\/v2\/pages\/139\/revisions\/829"}],"wp:attachment":[{"href":"https:\/\/iccdss.idu.edu.tr\/index.php?rest_route=%2Fwp%2Fv2%2Fmedia&parent=139"}],"curies":[{"name":"wp","href":"https:\/\/api.w.org\/{rel}","templated":true}]}}