{"id":369,"date":"2020-09-03T13:51:43","date_gmt":"2020-09-03T13:51:43","guid":{"rendered":"http:\/\/iccdss.idu.edu.tr\/?page_id=369"},"modified":"2024-11-13T18:59:59","modified_gmt":"2024-11-13T18:59:59","slug":"davet","status":"publish","type":"page","link":"https:\/\/iccdss.idu.edu.tr\/","title":{"rendered":"Davet"},"content":{"rendered":"<p><img loading=\"lazy\" decoding=\"async\" class=\"size-full wp-image-410 aligncenter\" src=\"http:\/\/iccdss.idu.edu.tr\/wp-content\/uploads\/2020\/09\/bedriye-tuncsiper-150x150.png\" alt=\"\" width=\"150\" height=\"150\" \/><\/p>\n<p>&nbsp;<\/p>\n<p>De\u011ferli Kat\u0131l\u0131mc\u0131lar,<\/p>\n<p>\u00dcniversitemiz taraf\u0131ndan ilk olarak 2018 y\u0131l\u0131nda Seferihisar\u2019da ger\u00e7ekle\u015ftirilen Uluslararas\u0131 Sosyal Bilimlerde Kritik Tart\u0131\u015fmalar Kongresi\u2019nin ikincisi 2019 y\u0131l\u0131nda \u00c7e\u015fme\u2019de, \u00fc\u00e7\u00fcnc\u00fcs\u00fc ise 2020 y\u0131l\u0131nda Covid-19 pandemisi sebebiyle \u00e7evirimi\u00e7i olarak ger\u00e7ekle\u015ftirilmi\u015ftir. D\u00f6rd\u00fcnc\u00fcs\u00fc 2021 y\u0131l\u0131nda yeniden y\u00fczy\u00fcze kat\u0131l\u0131mla Ku\u015fadas\u0131\u2019nda, be\u015fincisi 2022 y\u0131l\u0131nda Bal\u0131kesir\u2019de, alt\u0131nc\u0131s\u0131 2023 y\u0131l\u0131nda \u0130zmir\u2019de ger\u00e7ekle\u015ftirilmi\u015ftir. Bu y\u0131l VII. Uluslararas\u0131 Sosyal Bilimlerde Kritik Tart\u0131\u015fmalar Kongresi\u2019ni <strong>\u0130zmir Seferihisar&#8217;da<\/strong>\u00a0d\u00fczenleyecek olman\u0131n onurunu ya\u015f\u0131yoruz.<\/p>\n<p>Yo\u011fun ilgi ve katk\u0131lar\u0131n\u0131zla daha \u00f6nce ger\u00e7ekle\u015ftirilen kongrelerde oldu\u011fu gibi disiplinleraras\u0131 \u00e7al\u0131\u015fmalar\u0131 ilerletmek \u00fczere Ekonomi, Hukuk, \u0130\u015fletme, Maliye, \u0130nsan Kaynaklar\u0131 Y\u00f6netimi, Uluslararas\u0131 \u0130li\u015fkiler, Y\u00f6netim Bili\u015fim Sistemleri, \u0130statistik, Siyaset Bilimi, Kamu Y\u00f6netimi vb. de d\u00e2hil olmak \u00fczere sosyal bilimlerin t\u00fcm alanlar\u0131ndaki tebli\u011flerin sunulmas\u0131 ama\u00e7lanmaktad\u0131r.<\/p>\n<p>Sizleri, sonu\u00e7lar\u0131n\u0131n \u00fclkemize ve bilim d\u00fcnyas\u0131na \u00f6nemli katk\u0131lar sa\u011flayaca\u011f\u0131n\u0131 umut etti\u011fimiz VII.Uluslararas\u0131 Sosyal Bilimlerde Kritik Tart\u0131\u015fmalar Kongresi\u2019nde a\u011f\u0131rlamaktan mutluluk duyaca\u011f\u0131z. Sayg\u0131lar\u0131mla.<\/p>\n<p style=\"text-align: right;\">\u00a0\u00a0\u00a0\u00a0\u00a0\u00a0\u00a0\u00a0\u00a0\u00a0\u00a0\u00a0\u00a0\u00a0\u00a0\u00a0\u00a0\u00a0\u00a0\u00a0\u00a0\u00a0\u00a0\u00a0\u00a0\u00a0\u00a0\u00a0\u00a0\u00a0\u00a0\u00a0\u00a0\u00a0\u00a0\u00a0\u00a0\u00a0\u00a0\u00a0\u00a0\u00a0\u00a0\u00a0\u00a0\u00a0\u00a0\u00a0\u00a0\u00a0\u00a0\u00a0\u00a0\u00a0\u00a0\u00a0\u00a0\u00a0\u00a0\u00a0\u00a0\u00a0\u00a0\u00a0\u00a0\u00a0\u00a0\u00a0\u00a0\u00a0\u00a0\u00a0\u00a0\u00a0\u00a0\u00a0\u00a0\u00a0\u00a0\u00a0\u00a0\u00a0\u00a0\u00a0\u00a0\u00a0\u00a0\u00a0\u00a0\u00a0\u00a0\u00a0\u00a0 \u00a0\u00a0\u00a0\u00a0\u00a0\u00a0\u00a0\u00a0\u00a0\u00a0 \u00a0\u00a0\u00a0\u00a0\u00a0\u00a0Kongre Ba\u015fkan\u0131<\/p>\n<p style=\"text-align: right;\">\u00a0\u00a0\u00a0\u00a0\u00a0\u00a0\u00a0\u00a0\u00a0\u00a0\u00a0\u00a0\u00a0\u00a0\u00a0\u00a0\u00a0\u00a0\u00a0\u00a0\u00a0\u00a0\u00a0\u00a0\u00a0\u00a0\u00a0\u00a0\u00a0\u00a0\u00a0\u00a0\u00a0\u00a0\u00a0\u00a0\u00a0\u00a0\u00a0\u00a0\u00a0\u00a0\u00a0\u00a0\u00a0\u00a0\u00a0\u00a0\u00a0\u00a0\u00a0\u00a0\u00a0\u00a0\u00a0\u00a0\u00a0\u00a0\u00a0\u00a0\u00a0\u00a0\u00a0\u00a0\u00a0\u00a0\u00a0\u00a0\u00a0\u00a0\u00a0\u00a0\u00a0\u00a0\u00a0\u00a0\u00a0\u00a0\u00a0\u00a0\u00a0\u00a0\u00a0\u00a0\u00a0\u00a0\u00a0\u00a0\u00a0\u00a0\u00a0\u00a0\u00a0 \u00a0\u00a0\u00a0\u00a0\u00a0\u00a0\u00a0 Prof. Dr. Bedriye TUN\u00c7S\u0130PER<\/p>\n<p style=\"text-align: right;\">\u00a0\u00a0\u00a0\u00a0\u00a0\u00a0\u00a0\u00a0\u00a0\u00a0\u00a0\u00a0\u00a0\u00a0\u00a0\u00a0\u00a0\u00a0\u00a0\u00a0\u00a0\u00a0\u00a0\u00a0\u00a0\u00a0\u00a0\u00a0\u00a0\u00a0\u00a0\u00a0\u00a0\u00a0\u00a0\u00a0\u00a0\u00a0\u00a0\u00a0\u00a0\u00a0\u00a0\u00a0\u00a0\u00a0\u00a0\u00a0\u00a0\u00a0\u00a0\u00a0\u00a0\u00a0\u00a0\u00a0\u00a0\u00a0\u00a0\u00a0\u00a0\u00a0\u00a0\u00a0\u00a0\u00a0\u00a0\u00a0\u00a0\u00a0\u00a0\u00a0\u00a0\u00a0\u00a0\u00a0\u00a0\u00a0\u00a0\u00a0\u00a0\u00a0\u00a0\u00a0\u00a0\u00a0\u00a0\u00a0\u00a0\u00a0\u00a0\u00a0\u00a0\u00a0\u00a0\u00a0\u00a0\u00a0\u00a0\u00a0\u00a0\u00a0\u00a0\u00a0\u00a0\u00a0\u00a0\u00a0\u00a0\u00a0\u00a0\u00a0\u00a0\u00a0\u00a0\u00a0\u00a0\u00a0\u00a0 Rekt\u00f6r<\/p>\n<p><\/p>","protected":false},"excerpt":{"rendered":"<p>&nbsp; De\u011ferli Kat\u0131l\u0131mc\u0131lar, \u00dcniversitemiz taraf\u0131ndan ilk olarak 2018 y\u0131l\u0131nda Seferihisar\u2019da ger\u00e7ekle\u015ftirilen Uluslararas\u0131 Sosyal Bilimlerde Kritik Tart\u0131\u015fmalar Kongresi\u2019nin ikincisi 2019 y\u0131l\u0131nda<\/p>\n","protected":false},"author":1,"featured_media":0,"parent":0,"menu_order":0,"comment_status":"closed","ping_status":"closed","template":"","meta":{"footnotes":""},"class_list":["post-369","page","type-page","status-publish","hentry","comments-off"],"_links":{"self":[{"href":"https:\/\/iccdss.idu.edu.tr\/index.php?rest_route=\/wp\/v2\/pages\/369","targetHints":{"allow":["GET"]}}],"collection":[{"href":"https:\/\/iccdss.idu.edu.tr\/index.php?rest_route=\/wp\/v2\/pages"}],"about":[{"href":"https:\/\/iccdss.idu.edu.tr\/index.php?rest_route=\/wp\/v2\/types\/page"}],"author":[{"embeddable":true,"href":"https:\/\/iccdss.idu.edu.tr\/index.php?rest_route=\/wp\/v2\/users\/1"}],"replies":[{"embeddable":true,"href":"https:\/\/iccdss.idu.edu.tr\/index.php?rest_route=%2Fwp%2Fv2%2Fcomments&post=369"}],"version-history":[{"count":45,"href":"https:\/\/iccdss.idu.edu.tr\/index.php?rest_route=\/wp\/v2\/pages\/369\/revisions"}],"predecessor-version":[{"id":989,"href":"https:\/\/iccdss.idu.edu.tr\/index.php?rest_route=\/wp\/v2\/pages\/369\/revisions\/989"}],"wp:attachment":[{"href":"https:\/\/iccdss.idu.edu.tr\/index.php?rest_route=%2Fwp%2Fv2%2Fmedia&parent=369"}],"curies":[{"name":"wp","href":"https:\/\/api.w.org\/{rel}","templated":true}]}}