{"id":42,"date":"2019-04-18T08:20:22","date_gmt":"2019-04-18T08:20:22","guid":{"rendered":"http:\/\/172.16.16.44\/?page_id=42"},"modified":"2022-08-26T20:46:14","modified_gmt":"2022-08-26T20:46:14","slug":"iccdss-2018","status":"publish","type":"page","link":"https:\/\/iccdss.idu.edu.tr\/?page_id=42","title":{"rendered":"ICCDSS 2018"},"content":{"rendered":"<p>I.Uluslararas\u0131 Sosyal Bilimlerde Kritik Tart\u0131\u015fmalar Kongresi, \u0130zmir Demokrasi \u00dcniversitesinin ev sahipli\u011finde 5-7 Ekim 2018 tarihlerinde EUPHORIA Aegean Resort &amp; Spa Otel, Seferihisar, \u0130zmir&#8217;de ger\u00e7ekle\u015ftirilmi\u015ftir. Kongrede yer alan davetli konu\u015fmac\u0131lar \u015fu \u015fekildedir;<\/p>\n<ul>\n<li>Prof. Dr. Dorota Jelonek &#8211; Czestochawa University of Tecnology, Poland.<\/li>\n<li>Prof. Dr. Perry den Brok &#8211; Wageningen University and Research, Netherlands<\/li>\n<li>Prof.Dr. \u00d6zalp \u00d6zer &#8211; University of Texas, USA<\/li>\n<li>Assoc.Prof.Florina Virlanuta &#8211; University Dunarea de Jos of Galati, Romania.<\/li>\n<li>Dr. Lourdes Rubio Rico &#8211; Universitat Rovira i Virgili, Spain.<\/li>\n<\/ul>\n<p>1.Uluslarararas\u0131 Sosyal Bilimlerde Kritik Tart\u0131\u015fmalar Kongresi&#8217;ne ait bildiri \u00f6zet metin kitab\u0131n\u0131 indirmek i\u00e7in\u00a0<strong><a href=\"https:\/\/drive.google.com\/open?id=1RvhDUNUCP8eV5ReM9lFscfd8y1aEdtce\" target=\"_blank\" rel=\"noopener noreferrer\">t\u0131klay\u0131n\u0131z.<\/a><\/strong><\/p>\n<p>1.Uluslarararas\u0131 Sosyal Bilimlerde Kritik Tart\u0131\u015fmalar Kongresi&#8217;ne ait bildiri tam metin kitab\u0131n\u0131 indirmek i\u00e7in <strong><a href=\"https:\/\/drive.google.com\/open?id=1KjZva4DGXlFdPBMZnDs8vQcyWhMz2ZcN\" target=\"_blank\" rel=\"noopener noreferrer\">t\u0131klay\u0131n\u0131z.<\/a><\/strong><\/p>","protected":false},"excerpt":{"rendered":"<p>I.Uluslararas\u0131 Sosyal Bilimlerde Kritik Tart\u0131\u015fmalar Kongresi, \u0130zmir Demokrasi \u00dcniversitesinin ev sahipli\u011finde 5-7 Ekim 2018 tarihlerinde EUPHORIA Aegean Resort &amp; Spa<\/p>\n","protected":false},"author":2,"featured_media":0,"parent":25,"menu_order":0,"comment_status":"closed","ping_status":"closed","template":"","meta":{"footnotes":""},"class_list":["post-42","page","type-page","status-publish","hentry","comments-off"],"_links":{"self":[{"href":"https:\/\/iccdss.idu.edu.tr\/index.php?rest_route=\/wp\/v2\/pages\/42","targetHints":{"allow":["GET"]}}],"collection":[{"href":"https:\/\/iccdss.idu.edu.tr\/index.php?rest_route=\/wp\/v2\/pages"}],"about":[{"href":"https:\/\/iccdss.idu.edu.tr\/index.php?rest_route=\/wp\/v2\/types\/page"}],"author":[{"embeddable":true,"href":"https:\/\/iccdss.idu.edu.tr\/index.php?rest_route=\/wp\/v2\/users\/2"}],"replies":[{"embeddable":true,"href":"https:\/\/iccdss.idu.edu.tr\/index.php?rest_route=%2Fwp%2Fv2%2Fcomments&post=42"}],"version-history":[{"count":9,"href":"https:\/\/iccdss.idu.edu.tr\/index.php?rest_route=\/wp\/v2\/pages\/42\/revisions"}],"predecessor-version":[{"id":688,"href":"https:\/\/iccdss.idu.edu.tr\/index.php?rest_route=\/wp\/v2\/pages\/42\/revisions\/688"}],"up":[{"embeddable":true,"href":"https:\/\/iccdss.idu.edu.tr\/index.php?rest_route=\/wp\/v2\/pages\/25"}],"wp:attachment":[{"href":"https:\/\/iccdss.idu.edu.tr\/index.php?rest_route=%2Fwp%2Fv2%2Fmedia&parent=42"}],"curies":[{"name":"wp","href":"https:\/\/api.w.org\/{rel}","templated":true}]}}