{"id":514,"date":"2021-08-20T13:26:20","date_gmt":"2021-08-20T13:26:20","guid":{"rendered":"http:\/\/iccdss.idu.edu.tr\/?page_id=514"},"modified":"2021-08-25T16:12:58","modified_gmt":"2021-08-25T16:12:58","slug":"iccdss-2020","status":"publish","type":"page","link":"https:\/\/iccdss.idu.edu.tr\/?page_id=514","title":{"rendered":"ICCDSS 2020"},"content":{"rendered":"<p><strong>ICCDSS 2020<\/strong>\u00a0III.Uluslararas\u0131 Sosyal Bilimlerde Kritik Tart\u0131\u015fmalar Kongresi,\u00a0<strong>\u0130zmir Demokrasi \u00dcniversitesi\u2019nin<\/strong> ev sahipli\u011finde <strong>21-22 Kas\u0131m 2020<\/strong>\u00a0tarihlerinde \u00e7evirimi\u00e7i olarak ger\u00e7ekle\u015ftirilmi\u015ftir.<\/p>\n<ul>\n<li>ICCDSS 2020 Bildiri \u00f6zetleri kitab\u0131 i\u00e7in <span style=\"color: #ff0000;\"><a style=\"color: #ff0000;\" href=\"http:\/\/iccdss.idu.edu.tr\/wp-content\/uploads\/2021\/05\/3.-ICCDSS-Ozet-Kitabi-2.pdf\">t\u0131klay\u0131n\u0131z<\/a><\/span>.<\/li>\n<li>ICCDSS 2020 Bildiriler kitab\u0131 i\u00e7in <span style=\"color: #ff0000;\"><a style=\"color: #ff0000;\" href=\"http:\/\/iccdss.idu.edu.tr\/wp-content\/uploads\/2020\/12\/tammetin2020.pdf\">t\u0131klay\u0131n\u0131z<\/a><\/span>.<\/li>\n<\/ul>\n<p><\/p>","protected":false},"excerpt":{"rendered":"<p>ICCDSS 2020\u00a0III.Uluslararas\u0131 Sosyal Bilimlerde Kritik Tart\u0131\u015fmalar Kongresi,\u00a0\u0130zmir Demokrasi \u00dcniversitesi\u2019nin ev sahipli\u011finde 21-22 Kas\u0131m 2020\u00a0tarihlerinde \u00e7evirimi\u00e7i olarak ger\u00e7ekle\u015ftirilmi\u015ftir. ICCDSS 2020 Bildiri<\/p>\n","protected":false},"author":2,"featured_media":0,"parent":25,"menu_order":2,"comment_status":"closed","ping_status":"closed","template":"","meta":{"footnotes":""},"class_list":["post-514","page","type-page","status-publish","hentry","comments-off"],"_links":{"self":[{"href":"https:\/\/iccdss.idu.edu.tr\/index.php?rest_route=\/wp\/v2\/pages\/514","targetHints":{"allow":["GET"]}}],"collection":[{"href":"https:\/\/iccdss.idu.edu.tr\/index.php?rest_route=\/wp\/v2\/pages"}],"about":[{"href":"https:\/\/iccdss.idu.edu.tr\/index.php?rest_route=\/wp\/v2\/types\/page"}],"author":[{"embeddable":true,"href":"https:\/\/iccdss.idu.edu.tr\/index.php?rest_route=\/wp\/v2\/users\/2"}],"replies":[{"embeddable":true,"href":"https:\/\/iccdss.idu.edu.tr\/index.php?rest_route=%2Fwp%2Fv2%2Fcomments&post=514"}],"version-history":[{"count":6,"href":"https:\/\/iccdss.idu.edu.tr\/index.php?rest_route=\/wp\/v2\/pages\/514\/revisions"}],"predecessor-version":[{"id":594,"href":"https:\/\/iccdss.idu.edu.tr\/index.php?rest_route=\/wp\/v2\/pages\/514\/revisions\/594"}],"up":[{"embeddable":true,"href":"https:\/\/iccdss.idu.edu.tr\/index.php?rest_route=\/wp\/v2\/pages\/25"}],"wp:attachment":[{"href":"https:\/\/iccdss.idu.edu.tr\/index.php?rest_route=%2Fwp%2Fv2%2Fmedia&parent=514"}],"curies":[{"name":"wp","href":"https:\/\/api.w.org\/{rel}","templated":true}]}}