{"id":749,"date":"2023-08-03T10:04:16","date_gmt":"2023-08-03T10:04:16","guid":{"rendered":"https:\/\/iccdss.idu.edu.tr\/?page_id=749"},"modified":"2024-11-13T18:51:52","modified_gmt":"2024-11-13T18:51:52","slug":"genel-bilgiler-2","status":"publish","type":"page","link":"https:\/\/iccdss.idu.edu.tr\/?page_id=749","title":{"rendered":"Genel Bilgiler"},"content":{"rendered":"<p>\u0130zmir Demokrasi \u00dcniversitesi VII. Sosyal Bilimlerde Kritik Tart\u0131\u015fmalar Kongresi ( IDU-ICCDSS\u201924)<\/p>\n<table>\n<tbody>\n<tr>\n<td width=\"151\"><strong>Kongre Tarihi: <\/strong><\/td>\n<td width=\"453\">22 KASIM 2024<\/td>\n<\/tr>\n<tr>\n<td width=\"151\"><strong>Kongre Yeri: <\/strong><\/td>\n<td width=\"453\">Kongremiz\u00a0\u0130zmir\/Seferihisar\u2019da <strong><u>Royal Teos Thermal Resort\u00a0 Hotel\u2019de<\/u><\/strong>\u00a0yap\u0131lacakt\u0131r.<\/td>\n<\/tr>\n<tr>\n<td width=\"151\"><strong>Kongre T\u00fcr\u00fc: <\/strong><\/td>\n<td width=\"453\">Y\u00fcz y\u00fcze<\/td>\n<\/tr>\n<tr>\n<td width=\"151\"><strong>Kongre Web Sayfas\u0131: <\/strong><\/td>\n<td width=\"453\">http:\/\/iccdss.idu.edu.tr<\/td>\n<\/tr>\n<tr>\n<td width=\"151\"><strong>Kongre Dili: <\/strong><\/td>\n<td width=\"453\">T\u00fcrk\u00e7e ve \u0130ngilizce<\/td>\n<\/tr>\n<tr>\n<td width=\"151\"><strong>Davet Mektubu: <\/strong><\/td>\n<td width=\"453\">Kat\u0131l\u0131mc\u0131lara talep etmeleri durumunda davet mektubu g\u00f6nderilecektir.<\/td>\n<\/tr>\n<tr>\n<td width=\"151\"><strong>Bildiriler: <\/strong><\/td>\n<td width=\"453\">Kongreye s\u00f6zl\u00fc bildiriler kabul edilecektir. Bir kat\u0131l\u0131mc\u0131, en fazla 2 bildiriyle kat\u0131lma hakk\u0131na sahiptir.<\/td>\n<\/tr>\n<tr>\n<td width=\"151\"><strong>Konaklama:<\/strong><\/td>\n<td width=\"453\">Kongremizin yap\u0131laca\u011f\u0131 otel yak\u0131nda duyurulacakt\u0131r.<\/td>\n<\/tr>\n<\/tbody>\n<\/table>\n<p>Kongre ile ilgili t\u00fcm duyurular\u0131n takip edilebilmesi amac\u0131yla haz\u0131rlanan internet sayfas\u0131na a\u015fa\u011f\u0131daki linkten ula\u015f\u0131labilir.<br \/>\n<a href=\"http:\/\/iccdss.idu.edu.tr\/\">http:\/\/iccdss.idu.edu.tr<\/a><\/p>","protected":false},"excerpt":{"rendered":"<p>\u0130zmir Demokrasi \u00dcniversitesi VII. Sosyal Bilimlerde Kritik Tart\u0131\u015fmalar Kongresi ( IDU-ICCDSS\u201924) Kongre Tarihi: 22 KASIM 2024 Kongre Yeri: Kongremiz\u00a0\u0130zmir\/Seferihisar\u2019da Royal<\/p>\n","protected":false},"author":3,"featured_media":0,"parent":0,"menu_order":0,"comment_status":"closed","ping_status":"closed","template":"","meta":{"footnotes":""},"class_list":["post-749","page","type-page","status-publish","hentry","comments-off"],"_links":{"self":[{"href":"https:\/\/iccdss.idu.edu.tr\/index.php?rest_route=\/wp\/v2\/pages\/749","targetHints":{"allow":["GET"]}}],"collection":[{"href":"https:\/\/iccdss.idu.edu.tr\/index.php?rest_route=\/wp\/v2\/pages"}],"about":[{"href":"https:\/\/iccdss.idu.edu.tr\/index.php?rest_route=\/wp\/v2\/types\/page"}],"author":[{"embeddable":true,"href":"https:\/\/iccdss.idu.edu.tr\/index.php?rest_route=\/wp\/v2\/users\/3"}],"replies":[{"embeddable":true,"href":"https:\/\/iccdss.idu.edu.tr\/index.php?rest_route=%2Fwp%2Fv2%2Fcomments&post=749"}],"version-history":[{"count":17,"href":"https:\/\/iccdss.idu.edu.tr\/index.php?rest_route=\/wp\/v2\/pages\/749\/revisions"}],"predecessor-version":[{"id":984,"href":"https:\/\/iccdss.idu.edu.tr\/index.php?rest_route=\/wp\/v2\/pages\/749\/revisions\/984"}],"wp:attachment":[{"href":"https:\/\/iccdss.idu.edu.tr\/index.php?rest_route=%2Fwp%2Fv2%2Fmedia&parent=749"}],"curies":[{"name":"wp","href":"https:\/\/api.w.org\/{rel}","templated":true}]}}