{"id":768,"date":"2023-08-03T10:10:27","date_gmt":"2023-08-03T10:10:27","guid":{"rendered":"https:\/\/iccdss.idu.edu.tr\/?page_id=768"},"modified":"2023-12-29T20:49:59","modified_gmt":"2023-12-29T20:49:59","slug":"bilimsel-program","status":"publish","type":"page","link":"https:\/\/iccdss.idu.edu.tr\/?page_id=768","title":{"rendered":"ICCDSS 2023"},"content":{"rendered":"<p>VI. Uluslararas\u0131 Sosyal Bilimlerde Kritik Tart\u0131\u015fmalar Kongresi, \u0130zmir Demokrasi \u00dcniversitesi&#8217;nin ev sahipli\u011finde 4-5 Ekim 2023 tarihlerinde ger\u00e7ekle\u015ftirilmi\u015ftir. Kongrede yer alan davetli konu\u015fmac\u0131lar \u015fu \u015fekildedir;<\/p>\n<ul>\n<li style=\"list-style-type: none;\">\n<ul>\n<li>Prof. Dr. Paul Kubicek<\/li>\n<li>Oakland University<\/li>\n<li>Prof. Dr. \u0141ukasz Perlikowski<\/li>\n<li>Nicolaus Copernicus University<\/li>\n<li>Prof. Dr. Claudia Sanchez Bajo<\/li>\n<li>University of Buenos Aires<\/li>\n<li>Assoc. Prof. Dr. Pedro Pineda<\/li>\n<li>University of Bath<\/li>\n<li>Assoc. Prof. Dr. Nana Bakhsoliani<\/li>\n<li>Georgian Technical University<\/li>\n<\/ul>\n<\/li>\n<\/ul>\n<p>VI. Uluslarararas\u0131 Sosyal Bilimlerde Kritik Tart\u0131\u015fmalar Kongresi\u2019ne ait \u00f6zet bildiri kitab\u0131na a\u015fa\u011f\u0131daki linkten ula\u015fabilirsiniz.<\/p>\n<p><a href=\"https:\/\/drive.google.com\/file\/d\/1DCy_FsabQoHc4xOT-DtZqv-w9SWuK3ba\/view?usp=sharing\">\u00d6zet Bildiri Kitab\u0131-07.12.2023<\/a><\/p>\n<p>VI. Uluslarararas\u0131 Sosyal Bilimlerde Kritik Tart\u0131\u015fmalar Kongresi\u2019ne ait tam metin bildiri kitab\u0131na a\u015fa\u011f\u0131daki linkten ula\u015fabilirsiniz.<\/p>\n<p><a href=\"https:\/\/drive.google.com\/file\/d\/1Da00DUaaYEFX8anyaH-Ui-H5SjL5XOSy\/view?usp=drive_link\">Tam Metin Bildiri Kitab\u0131 <\/a><\/p>","protected":false},"excerpt":{"rendered":"<p>VI. Uluslararas\u0131 Sosyal Bilimlerde Kritik Tart\u0131\u015fmalar Kongresi, \u0130zmir Demokrasi \u00dcniversitesi&#8217;nin ev sahipli\u011finde 4-5 Ekim 2023 tarihlerinde ger\u00e7ekle\u015ftirilmi\u015ftir. Kongrede yer alan<\/p>\n","protected":false},"author":3,"featured_media":0,"parent":0,"menu_order":0,"comment_status":"closed","ping_status":"closed","template":"","meta":{"footnotes":""},"class_list":["post-768","page","type-page","status-publish","hentry","comments-off"],"_links":{"self":[{"href":"https:\/\/iccdss.idu.edu.tr\/index.php?rest_route=\/wp\/v2\/pages\/768","targetHints":{"allow":["GET"]}}],"collection":[{"href":"https:\/\/iccdss.idu.edu.tr\/index.php?rest_route=\/wp\/v2\/pages"}],"about":[{"href":"https:\/\/iccdss.idu.edu.tr\/index.php?rest_route=\/wp\/v2\/types\/page"}],"author":[{"embeddable":true,"href":"https:\/\/iccdss.idu.edu.tr\/index.php?rest_route=\/wp\/v2\/users\/3"}],"replies":[{"embeddable":true,"href":"https:\/\/iccdss.idu.edu.tr\/index.php?rest_route=%2Fwp%2Fv2%2Fcomments&post=768"}],"version-history":[{"count":26,"href":"https:\/\/iccdss.idu.edu.tr\/index.php?rest_route=\/wp\/v2\/pages\/768\/revisions"}],"predecessor-version":[{"id":912,"href":"https:\/\/iccdss.idu.edu.tr\/index.php?rest_route=\/wp\/v2\/pages\/768\/revisions\/912"}],"wp:attachment":[{"href":"https:\/\/iccdss.idu.edu.tr\/index.php?rest_route=%2Fwp%2Fv2%2Fmedia&parent=768"}],"curies":[{"name":"wp","href":"https:\/\/api.w.org\/{rel}","templated":true}]}}